{"id":1070,"date":"2026-02-04T19:41:33","date_gmt":"2026-02-04T18:41:33","guid":{"rendered":"https:\/\/fabienne-b-hypnose.fr\/?page_id=1070"},"modified":"2026-02-04T19:41:33","modified_gmt":"2026-02-04T18:41:33","slug":"les-formations-et-ateliers","status":"publish","type":"page","link":"https:\/\/fabienne-b-hypnose.fr\/index.php\/les-formations-et-ateliers\/","title":{"rendered":"Les formations et ateliers"},"content":{"rendered":"\n<p><\/p>\n\n\n\n<p><\/p>\n\n\n\n<p><strong>Niveau 1&nbsp;:<\/strong><\/p>\n\n\n\n<p>Les formations se font sur Zoom (vous recevrez un lien) et sont dispens\u00e9es par Val\u00e9rie Sanchez et moi.<\/p>\n\n\n\n<p>Les prochaines dates sont publi\u00e9es sur ma chaine YouTube, Facebook et sur le site de la formation&nbsp;:<\/p>\n\n\n\n<p><a href=\"https:\/\/www.youtube.com\/@fabienne_brial\/featured\">https:\/\/www.youtube.com\/@fabienne_brial\/featured<\/a><\/p>\n\n\n\n<p><a href=\"https:\/\/formation-hypnosev.wixsite.com\/my-site-1\">https:\/\/formation-hypnosev.wixsite.com\/my-site-1<\/a><\/p>\n\n\n\n<p><strong>Horaires pour la France : 14h00 &#8211; 17h45 sur 4 jours soit 15 heures de formation.<\/strong><\/p>\n\n\n\n<p><strong>Horaires pour le Qu\u00e9be<\/strong>c : <strong>8h00 &#8211; 11h45 sur 4 jours soit 15 heures de formation.<\/strong><\/p>\n\n\n\n<p><strong>Nous formerons maximum<\/strong> <strong>6 candidats par cycle.<\/strong><\/p>\n\n\n\n<figure class=\"wp-block-table\"><table class=\"has-over-sun-gradient-background has-background has-fixed-layout\"><tbody><tr><td>&nbsp;<img decoding=\"async\" class=\"wp-image-1073\" style=\"width: NaNpx;\" src=\"http:\/\/fabienne-b-hypnose.fr\/wp-content\/uploads\/2026\/02\/Sans-titre.svg\" alt=\"\">Dans cette formation, vous d\u00e9velopperez les comp\u00e9tences th\u00e9oriques et pratiques <br>ainsi que la confiance n\u00e9cessaire pour accompagner la conduite <br>d&#8217;une session en HRE efficace et s\u00e9curitaire. <br>Vous apprendrez \u00e0 naviguer en toute s\u00e9curit\u00e9, dans des mondes subtils.<br>Compris dans la formation :<br>            <strong>. <\/strong>    La dispense th\u00e9orique et pratique de la Formation <br>                  op\u00e9ratrice(eur)\/t\u00e9l\u00e9pathe,<br>            .     Fabienne interviendra pour tout ce qui concerne la partie op\u00e9ratrice(eur) et <br>                  Val\u00e9rie la partie th\u00e9orie et t\u00e9l\u00e9pathe.<br>            .     L&#8217;acc\u00e8s au groupe d&#8217;entrainement sur Teams&nbsp;&nbsp;<\/td><\/tr><\/tbody><\/table><\/figure>\n\n\n\n<p><\/p>\n\n\n\n<p><strong>Niveau 2 <\/strong>:<\/p>\n\n\n\n<p>Le niveau 2 propose 2 modules de 4 heures 30.<\/p>\n\n\n\n<p>Module 1&nbsp;: \u00c9volution de la m\u00e9thode, les \u00e9tapes de la conscience dans chaque cycle (th\u00e9orie et pratique)<\/p>\n\n\n\n<p>Module 2&nbsp;: La possession&nbsp;: m\u00e9canismes et d\u00e9gagement (th\u00e9orie et pratique)<\/p>\n\n\n\n<p><\/p>\n\n\n\n<p><\/p>\n\n\n\n<p><strong>Les ateliers&nbsp;:<\/strong><\/p>\n\n\n\n<p><\/p>\n\n\n\n<ul class=\"wp-block-list\">\n<li>Initiation \u00e0 la t\u00e9l\u00e9pathie&nbsp;: 4 heures avec th\u00e9orie et pratiques.<\/li>\n<\/ul>\n\n\n\n<ul class=\"wp-block-list\">\n<li>Entrainement \u00e0 la t\u00e9l\u00e9pathie&nbsp;: 2 heures pour aller plus loin dans les pratiques dans un cadre s\u00e9curis\u00e9.<\/li>\n<\/ul>\n\n\n\n<p><\/p>\n\n\n\n<p><\/p>\n","protected":false},"excerpt":{"rendered":"<p>Niveau 1&nbsp;: Les formations se font sur Zoom (vous recevrez un lien) et sont dispens\u00e9es par Val\u00e9rie Sanchez et moi. Les prochaines dates sont publi\u00e9es sur ma chaine YouTube, Facebook et sur le site de la formation&nbsp;: https:\/\/www.youtube.com\/@fabienne_brial\/featured https:\/\/formation-hypnosev.wixsite.com\/my-site-1 Horaires pour la France : 14h00 &#8211; 17h45 sur 4 jours soit 15 heures de formation. [&hellip;]<\/p>\n","protected":false},"author":1,"featured_media":0,"parent":0,"menu_order":0,"comment_status":"closed","ping_status":"closed","template":"","meta":{"footnotes":""},"class_list":["post-1070","page","type-page","status-publish","hentry"],"blocksy_meta":"","featured_image_urls":{"full":"","thumbnail":"","medium":"","medium_large":"","large":"","1536x1536":"","2048x2048":""},"post_excerpt_stackable":"<p>Niveau 1&nbsp;: Les formations se font sur Zoom (vous recevrez un lien) et sont dispens\u00e9es par Val\u00e9rie Sanchez et moi. Les prochaines dates sont publi\u00e9es sur ma chaine YouTube, Facebook et sur le site de la formation&nbsp;: https:\/\/www.youtube.com\/@fabienne_brial\/featured https:\/\/formation-hypnosev.wixsite.com\/my-site-1 Horaires pour la France : 14h00 &#8211; 17h45 sur 4 jours soit 15 heures de formation. Horaires pour le Qu\u00e9bec : 8h00 &#8211; 11h45 sur 4 jours soit 15 heures de formation. Nous formerons maximum 6 candidats par cycle. &nbsp;Dans cette formation, vous d\u00e9velopperez les comp\u00e9tences th\u00e9oriques et pratiques ainsi que la confiance n\u00e9cessaire pour accompagner la conduite d&#8217;une session en&hellip;<\/p>\n","category_list":"","author_info":{"name":"admin4081","url":"https:\/\/fabienne-b-hypnose.fr\/index.php\/author\/admin4081\/"},"comments_num":"0 comments","_links":{"self":[{"href":"https:\/\/fabienne-b-hypnose.fr\/index.php\/wp-json\/wp\/v2\/pages\/1070","targetHints":{"allow":["GET"]}}],"collection":[{"href":"https:\/\/fabienne-b-hypnose.fr\/index.php\/wp-json\/wp\/v2\/pages"}],"about":[{"href":"https:\/\/fabienne-b-hypnose.fr\/index.php\/wp-json\/wp\/v2\/types\/page"}],"author":[{"embeddable":true,"href":"https:\/\/fabienne-b-hypnose.fr\/index.php\/wp-json\/wp\/v2\/users\/1"}],"replies":[{"embeddable":true,"href":"https:\/\/fabienne-b-hypnose.fr\/index.php\/wp-json\/wp\/v2\/comments?post=1070"}],"version-history":[{"count":5,"href":"https:\/\/fabienne-b-hypnose.fr\/index.php\/wp-json\/wp\/v2\/pages\/1070\/revisions"}],"predecessor-version":[{"id":1080,"href":"https:\/\/fabienne-b-hypnose.fr\/index.php\/wp-json\/wp\/v2\/pages\/1070\/revisions\/1080"}],"wp:attachment":[{"href":"https:\/\/fabienne-b-hypnose.fr\/index.php\/wp-json\/wp\/v2\/media?parent=1070"}],"curies":[{"name":"wp","href":"https:\/\/api.w.org\/{rel}","templated":true}]}}