{"id":2,"date":"2023-10-03T20:53:28","date_gmt":"2023-10-03T18:53:28","guid":{"rendered":"http:\/\/fabienne-b-hypnose.fr\/?page_id=2"},"modified":"2026-04-01T10:13:31","modified_gmt":"2026-04-01T08:13:31","slug":"page-d-exemple","status":"publish","type":"page","link":"https:\/\/fabienne-b-hypnose.fr\/index.php\/page-d-exemple\/","title":{"rendered":"Les sessions"},"content":{"rendered":"\n<p><\/p>\n\n\n\n<div class=\"wp-block-stackable-heading stk-block-heading stk-block-heading--v2 stk-block stk-de6f26f\" data-block-id=\"de6f26f\"><style>.stk-de6f26f{margin-top:100px !important}<\/style><h2 class=\"stk-block-heading__text has-text-align-center stk-block-heading--use-theme-margins\"><\/h2><\/div>\n\n\n\n<div class=\"wp-block-stackable-columns stk-block-columns stk-block stk-5b57290\" data-block-id=\"5b57290\"><style>.stk-5b57290{margin-bottom:0px !important}<\/style><div class=\"stk-row stk-inner-blocks stk-block-content stk-content-align stk-5b57290-column\">\n<div class=\"wp-block-stackable-column stk-block-column stk-column stk-block stk-7183c30\" data-v=\"4\" data-block-id=\"7183c30\"><div class=\"stk-column-wrapper stk-block-column__content stk-container stk-7183c30-container stk--no-background stk--no-padding\"><div class=\"stk-block-content stk-inner-blocks stk-7183c30-inner-blocks\">\n<div class=\"wp-block-stackable-columns stk-block-columns stk-block stk-eabb0a4\" data-block-id=\"eabb0a4\"><div class=\"stk-row stk-inner-blocks stk-block-content stk-content-align stk-eabb0a4-column\">\n<div class=\"wp-block-stackable-column stk-block-column stk-column stk-block stk-e61e94b\" data-v=\"4\" data-block-id=\"e61e94b\"><div class=\"stk-column-wrapper stk-block-column__content stk-container stk-e61e94b-container stk--no-background stk--no-padding\"><div class=\"stk-block-content stk-inner-blocks stk-e61e94b-inner-blocks\">\n<div class=\"wp-block-stackable-icon-list stk-block-icon-list stk-block stk-7f2cfa0\" data-block-id=\"7f2cfa0\"><style>.stk-7f2cfa0{margin-bottom:25px !important}.stk-7f2cfa0 ul li{list-style-image:url('data:image\/svg+xml;base64,PHN2ZyBhcmlhLWhpZGRlbj0idHJ1ZSIgZm9jdXNhYmxlPSJmYWxzZSIgZGF0YS1wcmVmaXg9ImZhcyIgZGF0YS1pY29uPSJkb3QtY2lyY2xlIiBjbGFzcz0ic3ZnLWlubGluZS0tZmEgZmEtZG90LWNpcmNsZSBmYS13LTE2IiByb2xlPSJpbWciIHhtbG5zPSJodHRwOi8vd3d3LnczLm9yZy8yMDAwL3N2ZyIgdmlld0JveD0iMCAwIDUxMiA1MTIiIHN0eWxlPSJmaWxsOiAjMDAwICFpbXBvcnRhbnQ7IGNvbG9yOiAjMDAwICFpbXBvcnRhbnQ7dHJhbnNmb3JtOiByb3RhdGUoZGVnKSAhaW1wb3J0YW50OyI+PHBhdGggZmlsbD0iIzAwMCIgZD0iTTI1NiA4QzExOS4wMzMgOCA4IDExOS4wMzMgOCAyNTZzMTExLjAzMyAyNDggMjQ4IDI0OCAyNDgtMTExLjAzMyAyNDgtMjQ4UzM5Mi45NjcgOCAyNTYgOHptODAgMjQ4YzAgNDQuMTEyLTM1Ljg4OCA4MC04MCA4MHMtODAtMzUuODg4LTgwLTgwIDM1Ljg4OC04MCA4MC04MCA4MCAzNS44ODggODAgODB6IiBzdHJva2U9IiMwMDAiIHN0eWxlPSJmaWxsOiByZ2IoMCwgMCwgMCk7IHN0cm9rZTogcmdiKDAsIDAsIDApOyIvPjwvc3ZnPg==') !important}<\/style><ul><li>Session d&#8217;Hypnose R\u00e9gressive \u00c9volutive avec t\u00e9l\u00e9pathe : 294 \u20ac<\/li><\/ul><\/div>\n\n\n\n<div class=\"wp-block-stackable-icon-list stk-block-icon-list stk-block stk-551a048\" data-block-id=\"551a048\"><style>.stk-551a048 ul li{list-style-image:url('data:image\/svg+xml;base64,PHN2ZyBhcmlhLWhpZGRlbj0idHJ1ZSIgZm9jdXNhYmxlPSJmYWxzZSIgZGF0YS1wcmVmaXg9ImZhcyIgZGF0YS1pY29uPSJkb3QtY2lyY2xlIiBjbGFzcz0ic3ZnLWlubGluZS0tZmEgZmEtZG90LWNpcmNsZSBmYS13LTE2IiByb2xlPSJpbWciIHhtbG5zPSJodHRwOi8vd3d3LnczLm9yZy8yMDAwL3N2ZyIgdmlld0JveD0iMCAwIDUxMiA1MTIiIHN0eWxlPSJmaWxsOiAjMDAwICFpbXBvcnRhbnQ7IGNvbG9yOiAjMDAwICFpbXBvcnRhbnQ7dHJhbnNmb3JtOiByb3RhdGUoZGVnKSAhaW1wb3J0YW50OyI+PHBhdGggZmlsbD0iIzAwMCIgZD0iTTI1NiA4QzExOS4wMzMgOCA4IDExOS4wMzMgOCAyNTZzMTExLjAzMyAyNDggMjQ4IDI0OCAyNDgtMTExLjAzMyAyNDgtMjQ4UzM5Mi45NjcgOCAyNTYgOHptODAgMjQ4YzAgNDQuMTEyLTM1Ljg4OCA4MC04MCA4MHMtODAtMzUuODg4LTgwLTgwIDM1Ljg4OC04MCA4MC04MCA4MCAzNS44ODggODAgODB6IiBzdHJva2U9IiMwMDAiIHN0eWxlPSJmaWxsOiByZ2IoMCwgMCwgMCk7IHN0cm9rZTogcmdiKDAsIDAsIDApOyIvPjwvc3ZnPg==') !important}<\/style><ul><li>Session d\u2019Hypnose R\u00e9gressive \u00c9volutive directe&nbsp;(sans t\u00e9l\u00e9pathe) : 160\u20ac<br>*Pr\u00e9requis&nbsp;: \u00eatre en mesure d\u2019entrer en \u00e9tat de conscience modifi\u00e9 et\/ou<br>faire le test de susceptibilit\u00e9 hypnotique&nbsp;:<\/li><\/ul><\/div>\n<\/div><\/div><\/div>\n<\/div><\/div>\n\n\n\n<figure class=\"wp-block-embed is-type-video is-provider-youtube wp-block-embed-youtube wp-embed-aspect-16-9 wp-has-aspect-ratio\"><div class=\"wp-block-embed__wrapper\">\n<iframe loading=\"lazy\" title=\"Test de susceptibilit\u00e9 hypnotique\" width=\"1290\" height=\"726\" src=\"https:\/\/www.youtube.com\/embed\/Mnaw3GbARTA?feature=oembed\" frameborder=\"0\" allow=\"accelerometer; autoplay; clipboard-write; encrypted-media; gyroscope; picture-in-picture; web-share\" referrerpolicy=\"strict-origin-when-cross-origin\" allowfullscreen><\/iframe>\n<\/div><\/figure>\n\n\n\n<p><\/p>\n\n\n\n<div class=\"wp-block-stackable-columns stk-block-columns stk-block stk-67a7683\" data-block-id=\"67a7683\"><div class=\"stk-row stk-inner-blocks stk-block-content stk-content-align stk-67a7683-column\">\n<div class=\"wp-block-stackable-column stk-block-column stk-column stk-block stk-76467c7\" data-v=\"4\" data-block-id=\"76467c7\"><div class=\"stk-column-wrapper stk-block-column__content stk-container stk-76467c7-container stk--no-background stk--no-padding\"><div class=\"stk-block-content stk-inner-blocks stk-76467c7-inner-blocks\"><\/div><\/div><\/div>\n<\/div><\/div>\n<\/div><\/div><\/div>\n<\/div><\/div>\n\n\n\n<p><\/p>\n\n\n\n<div class=\"wp-block-stackable-icon-list stk-block-icon-list stk-block stk-0242187\" data-block-id=\"0242187\"><style>.stk-0242187 ul li{list-style-image:url('data:image\/svg+xml;base64,PHN2ZyBhcmlhLWhpZGRlbj0idHJ1ZSIgZm9jdXNhYmxlPSJmYWxzZSIgZGF0YS1wcmVmaXg9ImZhcyIgZGF0YS1pY29uPSJkb3QtY2lyY2xlIiBjbGFzcz0ic3ZnLWlubGluZS0tZmEgZmEtZG90LWNpcmNsZSBmYS13LTE2IiByb2xlPSJpbWciIHhtbG5zPSJodHRwOi8vd3d3LnczLm9yZy8yMDAwL3N2ZyIgdmlld0JveD0iMCAwIDUxMiA1MTIiIHN0eWxlPSJmaWxsOiAjMDAwICFpbXBvcnRhbnQ7IGNvbG9yOiAjMDAwICFpbXBvcnRhbnQ7dHJhbnNmb3JtOiByb3RhdGUoZGVnKSAhaW1wb3J0YW50OyI+PHBhdGggZmlsbD0iIzAwMCIgZD0iTTI1NiA4QzExOS4wMzMgOCA4IDExOS4wMzMgOCAyNTZzMTExLjAzMyAyNDggMjQ4IDI0OCAyNDgtMTExLjAzMyAyNDgtMjQ4UzM5Mi45NjcgOCAyNTYgOHptODAgMjQ4YzAgNDQuMTEyLTM1Ljg4OCA4MC04MCA4MHMtODAtMzUuODg4LTgwLTgwIDM1Ljg4OC04MCA4MC04MCA4MCAzNS44ODggODAgODB6IiBzdHJva2U9IiMwMDAiIHN0eWxlPSJmaWxsOiByZ2IoMCwgMCwgMCk7IHN0cm9rZTogcmdiKDAsIDAsIDApOyIvPjwvc3ZnPg==') !important}<\/style><ul><li><strong>NOUVEAU FORMAT&nbsp;DE S\u00c9ANCE :<\/strong> V\u00e9rification \/ Coaching vibratoire*<\/li><\/ul><\/div>\n\n\n\n<figure class=\"wp-block-video\"><video height=\"1080\" style=\"aspect-ratio: 1920 \/ 1080;\" width=\"1920\" controls src=\"https:\/\/fabienne-b-hypnose.fr\/wp-content\/uploads\/2024\/10\/Nouveaute-sessions.mp4\"><\/video><\/figure>\n\n\n\n<div class=\"wp-block-stackable-text stk-block-text stk-block stk-004ba68\" data-block-id=\"004ba68\"><p class=\"stk-block-text__text\">Nous proposons un nouveau format d\u2019une heure :<br>1) Dans cette s\u00e9ance d\u2019une heure, nous v\u00e9rifions l\u2019\u00e9tat vibratoire et les corps subtils.<br>2) Vous souhaitez creuser, approfondir une question, avoir un autre niveau de compr\u00e9hension.<br>3) Nous v\u00e9rifions que les informations diffus\u00e9es s\u2019int\u00e8grent avec fluidit\u00e9.<\/p><\/div>\n\n\n\n<p>Le tarif de cette prestation est de 164\u20ac .<\/p>\n\n\n\n<p>*Pr\u00e9requis : il ne s\u2019agit en aucun cas d\u2019une session pl\u00e9ni\u00e8re d\u2019HRE, mais d\u2019un processus plus affin\u00e9 pour aller au c\u0153ur de m\u00e9canismes qui parfois ne peuvent permettre l\u2019int\u00e9gration de nouvelles fr\u00e9quences vibratoires.<br>Il est n\u00e9cessaire que vous ayez d\u00e9j\u00e0 particip\u00e9 \u00e0 une session d\u2019HRE, quelle que soit l\u2019\u00e9quipe.<\/p>\n\n\n\n<ul class=\"wp-block-list\">\n<li><\/li>\n<\/ul>\n\n\n\n<p><\/p>\n\n\n\n<p><\/p>\n\n\n\n\n\n<p><\/p>\n","protected":false},"excerpt":{"rendered":"<p>Session d&#8217;Hypnose R\u00e9gressive \u00c9volutive avec t\u00e9l\u00e9pathe : 294 \u20ac Session d\u2019Hypnose R\u00e9gressive \u00c9volutive directe&nbsp;(sans t\u00e9l\u00e9pathe) : 160\u20ac*Pr\u00e9requis&nbsp;: \u00eatre en mesure d\u2019entrer en \u00e9tat de conscience modifi\u00e9 et\/oufaire le test de susceptibilit\u00e9 hypnotique&nbsp;: NOUVEAU FORMAT&nbsp;DE S\u00c9ANCE : V\u00e9rification \/ Coaching vibratoire* Nous proposons un nouveau format d\u2019une heure :1) Dans cette s\u00e9ance d\u2019une heure, nous v\u00e9rifions [&hellip;]<\/p>\n","protected":false},"author":1,"featured_media":0,"parent":0,"menu_order":0,"comment_status":"closed","ping_status":"open","template":"","meta":{"footnotes":""},"class_list":["post-2","page","type-page","status-publish","hentry"],"blocksy_meta":{"has_hero_section":"disabled","hero_section":"type-2","hero_elements":[{"id":"custom_title","enabled":true,"heading_tag":"h1","title":"Accueil","__id":"U2iO5irGubDS1-3ucZRbY"},{"id":"custom_description","enabled":false,"description_visibility":{"desktop":true,"tablet":true,"mobile":false},"__id":"X1SWflADXyv72lzN6igOW"},{"id":"custom_meta","enabled":false,"meta_elements":[{"id":"author","enabled":true,"label":"Par","has_author_avatar":"yes","avatar_size":25},{"id":"post_date","enabled":true,"label":"Sur","date_format_source":"default","date_format":"M j, Y"},{"id":"updated_date","enabled":false,"label":"Sur","date_format_source":"default","date_format":"M j, Y"},{"id":"categories","enabled":false,"label":"Dans","style":"simple"},{"id":"comments","enabled":true}],"page_meta_elements":{"joined":true,"articles_count":true,"comments":true},"__id":"LlijXQzOYPsny-zkUp-pK"},{"id":"breadcrumbs","enabled":false,"__id":"z7CDViCTvOsBvSjDJnTFK"}],"pageTitleOverlay":{"background_type":"color","background_pattern":"type-1","background_image":{"attachment_id":null,"x":0,"y":0},"gradient":"linear-gradient(135deg,rgba(6,147,227,1) 0%,rgb(155,81,224) 100%)","background_repeat":"repeat","background_size":"auto","background_attachment":"scroll","patternColor":{"default":{"color":"#e5e7ea"}},"overlayColor":{"default":{"color":"CT_CSS_SKIP_RULE"}},"backgroundColor":{"default":{"color":"var(--paletteColor8)"}}},"pageTitleBackground":{"background_type":"color","background_pattern":"type-1","background_image":{"attachment_id":null,"x":0,"y":0},"gradient":"linear-gradient(135deg,rgba(6,147,227,1) 0%,rgb(155,81,224) 100%)","background_repeat":"repeat","background_size":"auto","background_attachment":"scroll","patternColor":{"default":{"color":"#e5e7ea"}},"overlayColor":{"default":{"color":"CT_CSS_SKIP_RULE"}},"backgroundColor":{"default":{"color":"var(--paletteColor8)"}}},"page_structure_type":"type-3","vertical_spacing_source":"custom","content_area_spacing":"none"},"featured_image_urls":{"full":"","thumbnail":"","medium":"","medium_large":"","large":"","1536x1536":"","2048x2048":""},"post_excerpt_stackable":"<p>Session d&#8217;Hypnose R\u00e9gressive \u00c9volutive avec t\u00e9l\u00e9pathe : 294 \u20ac Session d\u2019Hypnose R\u00e9gressive \u00c9volutive directe&nbsp;(sans t\u00e9l\u00e9pathe) : 160\u20ac*Pr\u00e9requis&nbsp;: \u00eatre en mesure d\u2019entrer en \u00e9tat de conscience modifi\u00e9 et\/oufaire le test de susceptibilit\u00e9 hypnotique&nbsp;: NOUVEAU FORMAT&nbsp;DE S\u00c9ANCE : V\u00e9rification \/ Coaching vibratoire* Nous proposons un nouveau format d\u2019une heure :1) Dans cette s\u00e9ance d\u2019une heure, nous v\u00e9rifions l\u2019\u00e9tat vibratoire et les corps subtils.2) Vous souhaitez creuser, approfondir une question, avoir un autre niveau de compr\u00e9hension.3) Nous v\u00e9rifions que les informations diffus\u00e9es s\u2019int\u00e8grent avec fluidit\u00e9. Le tarif de cette prestation est de 164\u20ac . *Pr\u00e9requis : il ne s\u2019agit en aucun cas d\u2019une&hellip;<\/p>\n","category_list":"","author_info":{"name":"admin4081","url":"https:\/\/fabienne-b-hypnose.fr\/index.php\/author\/admin4081\/"},"comments_num":"0 comments","_links":{"self":[{"href":"https:\/\/fabienne-b-hypnose.fr\/index.php\/wp-json\/wp\/v2\/pages\/2","targetHints":{"allow":["GET"]}}],"collection":[{"href":"https:\/\/fabienne-b-hypnose.fr\/index.php\/wp-json\/wp\/v2\/pages"}],"about":[{"href":"https:\/\/fabienne-b-hypnose.fr\/index.php\/wp-json\/wp\/v2\/types\/page"}],"author":[{"embeddable":true,"href":"https:\/\/fabienne-b-hypnose.fr\/index.php\/wp-json\/wp\/v2\/users\/1"}],"replies":[{"embeddable":true,"href":"https:\/\/fabienne-b-hypnose.fr\/index.php\/wp-json\/wp\/v2\/comments?post=2"}],"version-history":[{"count":70,"href":"https:\/\/fabienne-b-hypnose.fr\/index.php\/wp-json\/wp\/v2\/pages\/2\/revisions"}],"predecessor-version":[{"id":1097,"href":"https:\/\/fabienne-b-hypnose.fr\/index.php\/wp-json\/wp\/v2\/pages\/2\/revisions\/1097"}],"wp:attachment":[{"href":"https:\/\/fabienne-b-hypnose.fr\/index.php\/wp-json\/wp\/v2\/media?parent=2"}],"curies":[{"name":"wp","href":"https:\/\/api.w.org\/{rel}","templated":true}]}}